 136?
34
Calculate the highest common factor of 87192 and 588.
84
Calculate the highest common divisor of 91 and 10660.
13
What is the greatest common factor of 42 and 182538?
6
What is the highest common divisor of 535 and 42?
1
What is the highest common divisor of 77966 and 42?
14
Calculate the highest common factor of 764991 and 36.
9
What is the highest common factor of 2464 and 43582?
154
What is the greatest common divisor of 135460 and 650?
130
Calculate the greatest common divisor of 2421 and 144.
9
Calculate the greatest common divisor of 687 and 1848259.
229
Calculate the highest common factor of 361808 and 152.
8
What is the greatest common factor of 3660623 and 316?
79
What is the greatest common divisor of 692 and 3473494?
346
Calculate the highest common factor of 20 and 153440.
20
Calculate the highest common divisor of 40311 and 162.
27
Calculate the greatest common divisor of 31744 and 160.
32
What is the greatest common divisor of 14202 and 459?
27
Calculate the highest common divisor of 9835731 and 9.
9
What is the highest common factor of 5487 and 417897?
177
What is the greatest common divisor of 66544 and 64?
16
Calculate the greatest common divisor of 3348352 and 896.
896
Calculate the highest common factor of 2072 and 658.
14
What is the greatest common factor of 21168 and 40152?
168
What is the highest common factor of 947 and 16954141?
947
Calculate the greatest common divisor of 314179 and 633.
211
What is the highest common divisor of 56 and 5790484?
28
What is the highest common divisor of 636223 and 679?
679
What is the greatest common factor of 14375 and 175?
25
Calculate the highest common divisor of 346 and 55187.
173
What is the highest common factor of 4 and 1402468?
4
What is the highest common factor of 120 and 845085?
15
Calculate the highest common factor of 45025 and 25.
25
Calculate the highest common factor of 385 and 927773.
77
Calculate the greatest common factor of 69 and 7613.
23
What is the highest common divisor of 171930 and 660?
330
What is the greatest common factor of 2076 and 378?
6
What is the highest common divisor of 18963 and 504?
63
Calculate the highest common factor of 12272 and 6864.
208
What is the greatest common factor of 157935 and 90?
15
What is the highest common divisor of 105 and 7063?
7
Calculate the highest common divisor of 112 and 33831.
7
Calculate the greatest common factor of 432 and 8046.
54
Calculate the highest common factor of 105 and 27510.
105
Calculate the greatest common factor of 194 and 104566.
194
What is the highest common divisor of 1002455 and 379?
379
What is the greatest common factor of 70 and 519610?
70
What is the highest common divisor of 15602 and 15254?
58
Calculate the greatest common divisor of 19126 and 4192.
262
What is the greatest common factor of 196141 and 242?
121
Calculate the highest common factor of 855 and 11495.
95
What is the highest common divisor of 14904 and 216936?
1656
What is the highest common factor of 4158 and 59697?
297
What is the highest common divisor of 4570950 and 25?
25
Calculate the highest common factor of 72 and 80592.
24
What is the highest common divisor of 497 and 3178?
7
What is the highest common factor of 19162 and 114101?
871
Calculate the greatest common divisor of 1249472 and 4.
4
What is the highest common factor of 185022 and 10260?
342
What is the greatest common divisor of 15492 and 108?
12
Calculate the greatest common divisor of 470 and 7670.
10
What is the highest common divisor of 132 and 533478?
66
Calculate the greatest common divisor of 42 and 25522.
14
What is the greatest common factor of 1449 and 10521?
63
Calculate the greatest common divisor of 208 and 373672.
104
Calculate the greatest common factor of 34 and 50.
2
Calculate the highest common factor of 3237 and 28197.
39
What is the greatest common factor of 9 and 76689?
9
Calculate the greatest common divisor of 1288 and 439852.
644
What is the highest common factor of 16656 and 6912?
48
What is the greatest common divisor of 2023101 and 18?
9
Calculate the highest common factor of 20 and 1159390.
10
Calculate the highest common divisor of 714935 and 647.
647
Calculate the greatest common divisor of 5285 and 32515.
35
What is the greatest common divisor of 12120 and 5760?
120
What is the greatest common divisor of 240 and 78576?
48
What is the highest common factor of 24 and 10836?
12
What is the highest common factor of 8 and 74972?
4
What is the highest common divisor of 342 and 4248?
18
Calculate the greatest common factor of 112489 and 1664.
13
What is the highest common divisor of 7950 and 105?
15
Calculate the greatest common factor of 742 and 95294.
106
Calculate the greatest common divisor of 390 and 45695.
65
Calculate the highest common factor of 3081 and 1911.
39
Calculate the greatest common factor of 20 and 36340.
20
What is the greatest common factor of 1989 and 15147?
153
What is the greatest common factor of 158 and 283294?
158
Calculate the greatest common factor of 60 and 85965.
15
Calculate the highest common divisor of 1 and 160380.
1
What is the greatest common factor of 39852 and 540?
108
What is the greatest common factor of 595 and 1242955?
595
Calculate the greatest common factor of 4305 and 10395.
105
Calculate the greatest common factor of 1029870 and 180.
90
Calculate the greatest common divisor of 48 and 1858704.
48
What is the greatest common factor of 207487 and 7?
7
Calculate the greatest common factor of 2618 and 350.
14
Calculate the highest common factor of 528 and 55572.
132
Calculate the greatest common factor of 49243 and 437.
23
Calculate the highest common factor of 4131 and 291.
3
Calculate the highest common divisor of 80 and 912680.
40
Calculate the highest common divisor of 274 and 24598.
2
Calculate the highest common divisor of 345 and 805.
115
Calculate the greatest common factor of 79 and 180041.
79
Calculate the greatest common factor of 26376 and 16443.
21
Calculate the greatest common divisor of 104 and 12077.
13
What is the highest common factor of 21282 and 96?
6
Calculate the greatest common divisor of 132 and 785972.
44
What is the highest common factor of 31 and 118?
1
Calculate the highest common factor of 2422 and 238.
14
Calculate the highest common factor of 2080 and 4030.
130
What is the greatest common factor of 46047 and 6?
3
Calculate the highest common divisor of 188685 and 30.
15
What is the greatest common divisor of 180 and 4300740?
180
Calculate the highest common factor of 31 and 1664111.
31
What is the highest common divisor of 454113 and 18?
9
Calculate the greatest common factor of 56496 and 4400.
176
What is the greatest common factor of 275 and 8690?
55
What is the greatest common divisor of 22025 and 100?
25
Calculate the greatest common factor of 4698 and 5046.
174
What is the greatest common factor of 140 and 19712?
28
What is the highest common divisor of 9432 and 97857?
1179
Calculate the highest common factor of 657566 and 28.
14
Calculate the highest common factor of 1735 and 124573.
347
What is the highest common factor of 9856 and 153664?
448
Calculate the greatest common divisor of 117 and 410397.
39
Calculate the greatest common factor of 185010 and 21.
21
What is the highest common divisor of 693 and 262251?
99
Calculate the highest common factor of 2064 and 5216.
16
What is the greatest common divisor of 102729 and 2783?
121
What is the highest common factor of 841328 and 16?
16
What is the greatest common factor of 724 and 2958807?
181
What is the greatest common factor of 41 and 1528234?
41
What is the greatest common divisor of 750 and 160?
10
What is the greatest common divisor of 5397 and 399?
21
What is the greatest common divisor of 36106 and 14?
14
What is the greatest common factor of 1395823 and 5031?
559
What is the greatest common factor of 174 and 127600?
58
What is the greatest common factor of 220 and 62740?
20
What is the greatest common factor of 2590 and 182?
14
Calculate the greatest common factor of 4912695 and 15.
15
Calculate the highest common divisor of 164 and 1519009.
41
Calculate the highest common factor of 1705 and 27940.
55
Calculate the greatest common factor of 176 and 257456.
16
What is the greatest common divis